{"id":213,"date":"2024-03-22T03:14:19","date_gmt":"2024-03-22T03:14:19","guid":{"rendered":"https:\/\/meditantes.com.br\/news\/?page_id=213"},"modified":"2024-05-22T08:59:33","modified_gmt":"2024-05-22T08:59:33","slug":"membros","status":"publish","type":"page","link":"https:\/\/meditantes.com.br\/news\/?page_id=213","title":{"rendered":"Membros"},"content":{"rendered":"\n<figure class=\"wp-block-image size-large\"><a href=\"http:\/\/meditantes.com.br\/membros\"><img loading=\"lazy\" decoding=\"async\" width=\"1024\" height=\"160\" src=\"https:\/\/meditantes.com.br\/news\/wp-content\/uploads\/2024\/05\/COMUNIDADE-MEDITANTES-7-2-1024x160.png\" alt=\"\" class=\"wp-image-1658\" srcset=\"https:\/\/meditantes.com.br\/news\/wp-content\/uploads\/2024\/05\/COMUNIDADE-MEDITANTES-7-2-1024x160.png 1024w, https:\/\/meditantes.com.br\/news\/wp-content\/uploads\/2024\/05\/COMUNIDADE-MEDITANTES-7-2-300x47.png 300w, https:\/\/meditantes.com.br\/news\/wp-content\/uploads\/2024\/05\/COMUNIDADE-MEDITANTES-7-2-768x120.png 768w, https:\/\/meditantes.com.br\/news\/wp-content\/uploads\/2024\/05\/COMUNIDADE-MEDITANTES-7-2.png 1280w\" sizes=\"auto, (max-width: 1024px) 100vw, 1024px\" \/><\/a><\/figure>\n\n\n\n<p><\/p>\n\n\n\n<p>\ud83d\ude01 <strong>J\u00e1 pensou ter acesso a dezenas de Medita\u00e7\u00f5es para voc\u00ea praticar a qualquer hora do dia?<\/strong><\/p>\n\n\n\n<p><\/p>\n\n\n\n<p>\ud83d\uddb1\ufe0f Chegou o Meditantes Membros, um sistema de Assinatura Mensal (gerenciando pelo Youtube), agora dispon\u00edvel para voc\u00ea!<\/p>\n\n\n\n<p><\/p>\n\n\n\n<p>\ud83d\udcdd Ao fazer sua assinatura voc\u00ea tem acesso imediato a Medita\u00e7\u00f5es, Conte\u00fados, Lives Exclusivas j\u00e1 dispon\u00edveis na plataforma.<\/p>\n\n\n\n<p><\/p>\n\n\n\n<p>\ud83d\udcdd At\u00e9 o momento s\u00e3o 67 Medita\u00e7\u00f5es, sendo 48 Medita\u00e7\u00f5es com Shanti-Rham e 19 Medita\u00e7\u00f5es com Convidados para voc\u00ea Meditar a qualquer hora do dia.<\/p>\n\n\n\n<p><\/p>\n\n\n\n<p>\ud83d\udcdd E mais, al\u00e9m do que j\u00e1 dispon\u00edvel no ato da sua assinatura, voc\u00ea ter\u00e1 acesso a novos e exclusivos conte\u00fados que ser\u00e3o compartilhados enquanto voc\u00ea permanecer com o plano de assinante em dia\u2026<\/p>\n\n\n\n<p><\/p>\n\n\n\n<p><em><strong>Isso tudo por apenas R$39,99. barato demais.<\/strong><\/em><\/p>\n\n\n\n<p><\/p>\n\n\n\n<p>\ud83d\udc4d \u00c9 incr\u00edvel\u2026 Aproveita! Acessa o link abaixo e garanta seu acesso:<br><a href=\"https:\/\/www.youtube.com\/channel\/UCtco5-fAhLhEUFb2oJafwqw\/join\">https:\/\/www.youtube.com\/channel\/UCtco5-fAhLhEUFb2oJafwqw\/join<\/a><\/p>\n\n\n\n<p><mark style=\"background-color:rgba(0, 0, 0, 0);color:#ffffff\" class=\"has-inline-color\">.<\/mark><\/p>\n\n\n\n<p><mark style=\"background-color:rgba(0, 0, 0, 0);color:#ffffff\" class=\"has-inline-color\">.<\/mark><\/p>\n\n\n\n<p>| <strong>Um pouco do que esta esperando por voc\u00ea no Meditantes Membros<\/strong><\/p>\n\n\n\n<ul class=\"wp-block-list\">\n<li><a href=\"https:\/\/www.youtube.com\/watch?v=qQve-CMoc_Q&amp;list=PLjXLCSmO7rtphwLmYvE2LRJ1n84CPeF6P&amp;index=2\" target=\"_blank\" rel=\"noreferrer noopener\">Medita\u00e7\u00e3o da Chama Violeta<\/a><\/li>\n\n\n\n<li><a href=\"https:\/\/www.youtube.com\/watch?v=o_XgAIXOk1Q&amp;list=PLjXLCSmO7rtphwLmYvE2LRJ1n84CPeF6P&amp;index=2\" target=\"_blank\" rel=\"noreferrer noopener\">Medita\u00e7\u00e3o do Cora\u00e7\u00e3o<\/a><\/li>\n\n\n\n<li><a href=\"https:\/\/www.youtube.com\/watch?v=SxEX-0JhMKU&amp;list=PLjXLCSmO7rtqOQ7mpZcavmEbh5u6_cd-5&amp;index=1\" target=\"_blank\" rel=\"noreferrer noopener\">Medita\u00e7\u00e3o 4 e 8 Inspira\u00e7\u00f5es<\/a><\/li>\n\n\n\n<li><a href=\"https:\/\/www.youtube.com\/watch?v=h7JSnnaGYNQ&amp;list=PLjXLCSmO7rtqOQ7mpZcavmEbh5u6_cd-5&amp;index=2\" target=\"_blank\" rel=\"noreferrer noopener\">Medita\u00e7\u00e3o pela Paz Interior<\/a><\/li>\n\n\n\n<li><a href=\"https:\/\/www.youtube.com\/watch?v=bkYxHHX-kVk&amp;list=PLjXLCSmO7rtqOQ7mpZcavmEbh5u6_cd-5&amp;index=3\" target=\"_blank\" rel=\"noreferrer noopener\">Medita\u00e7\u00e3o Mandala da Vida<\/a><\/li>\n\n\n\n<li>&#8230;<\/li>\n\n\n\n<li><a href=\"https:\/\/www.youtube.com\/playlist?list=PLjXLCSmO7rtqOQ7mpZcavmEbh5u6_cd-5\" target=\"_blank\" rel=\"noreferrer noopener\">Playlist Comece bem o dia Meditando<\/a><\/li>\n<\/ul>\n\n\n\n<p><mark style=\"background-color:rgba(0, 0, 0, 0);color:#ffffff\" class=\"has-inline-color\">.<\/mark><\/p>\n\n\n\n<p><br><\/p>\n\n\n\n<p>| <a href=\"https:\/\/www.youtube.com\/playlist?list=PLjXLCSmO7rto-Rse8Zdeit4uGrXQJCQAb\" target=\"_blank\" rel=\"noreferrer noopener\"><strong>Medita\u00e7\u00f5es para Paz Interior<\/strong><\/a><\/p>\n\n\n\n<p><mark style=\"background-color:rgba(0, 0, 0, 0);color:#ffffff\" class=\"has-inline-color\">.<\/mark><\/p>\n\n\n\n<p>| <a href=\"https:\/\/www.youtube.com\/playlist?list=PLjXLCSmO7rtrENAmqg08a7F9vds4a4cs7\" target=\"_blank\" rel=\"noreferrer noopener\"><strong>Medita\u00e7\u00f5es de Outono<\/strong><\/a><\/p>\n\n\n\n<p><mark style=\"background-color:rgba(0, 0, 0, 0);color:#ffffff\" class=\"has-inline-color\">.<\/mark><\/p>\n\n\n\n<p>|<strong> <a href=\"https:\/\/www.youtube.com\/watch?v=xvi5aEEaoww\" target=\"_blank\" rel=\"noreferrer noopener\">Medita\u00e7\u00e3o dos 4 Elementos para Harmonia e Paz Interior com Shanti-Rham<\/a><\/strong><\/p>\n\n\n\n<p><mark style=\"background-color:rgba(0, 0, 0, 0);color:#ffffff\" class=\"has-inline-color\">.<\/mark><\/p>\n\n\n\n<p>| <strong><a href=\"https:\/\/www.youtube.com\/playlist?list=PLjXLCSmO7rtpMhiTGskKFtIa0CBYGw69x\" target=\"_blank\" rel=\"noreferrer noopener\">Medita\u00e7\u00e3o Humming com Shanti-Rham<\/a><\/strong><\/p>\n\n\n\n<p><mark style=\"background-color:rgba(0, 0, 0, 0);color:#ffffff\" class=\"has-inline-color\">.<\/mark><\/p>\n\n\n\n<p>| <strong><a href=\"https:\/\/www.youtube.com\/playlist?list=PLjXLCSmO7rtrn-9Xv-8aFcKk8BkWH6Afc\" target=\"_blank\" rel=\"noreferrer noopener\">Medita\u00e7\u00e3o Mantra &#8220;OM&#8221; com Shanti-Rham<\/a><\/strong><\/p>\n\n\n\n<p><mark style=\"background-color:rgba(0, 0, 0, 0);color:#ffffff\" class=\"has-inline-color\">.<\/mark><\/p>\n\n\n\n<p>| <strong><a href=\"https:\/\/www.youtube.com\/playlist?list=PLjXLCSmO7rtosnsIUvXHuU4ZmcHBkkPfa\" target=\"_blank\" rel=\"noreferrer noopener\">Medita\u00e7\u00e3o Respira\u00e7\u00e3o Guiada com Shanti-Rham<\/a><\/strong><\/p>\n\n\n\n<p><mark style=\"background-color:rgba(0, 0, 0, 0);color:#ffffff\" class=\"has-inline-color\">.<\/mark><\/p>\n\n\n\n<p>| <strong><a href=\"https:\/\/www.youtube.com\/playlist?list=PLjXLCSmO7rtpMXUNX7qN26quX5b7ft1y8\" target=\"_blank\" rel=\"noreferrer noopener\">Medita\u00e7\u00e3o da Gratid\u00e3o com Shanti-Rham<\/a><\/strong><\/p>\n\n\n\n<p><mark style=\"background-color:rgba(0, 0, 0, 0);color:#ffffff\" class=\"has-inline-color\">.<\/mark><\/p>\n\n\n\n<p>| <strong><a href=\"https:\/\/www.youtube.com\/playlist?list=PLjXLCSmO7rtoeesjS-c_Aa9BQI9BYhIdj\" target=\"_blank\" rel=\"noreferrer noopener\">Medita\u00e7\u00e3o Cores dos dias da Semana com Shanti-Rham<\/a><\/strong><\/p>\n\n\n\n<p><mark style=\"background-color:rgba(0, 0, 0, 0);color:#ffffff\" class=\"has-inline-color\">.<\/mark><\/p>\n\n\n\n<p>| <a href=\"https:\/\/www.youtube.com\/watch?v=cQTjeZbo85M&amp;list=PLjXLCSmO7rtptMB9gOyyizteMN-zvpqcx\" target=\"_blank\" rel=\"noreferrer noopener\">Medita\u00e7\u00e3o Neti Neti &#8211; Quem sou eu? com Prema e Prema e Abhishek<\/a><\/p>\n\n\n\n<p><mark style=\"background-color:rgba(0, 0, 0, 0);color:#ffffff\" class=\"has-inline-color\">.<\/mark><\/p>\n\n\n\n<p>| <a href=\"https:\/\/www.youtube.com\/playlist?list=PLjXLCSmO7rtqsisQIqfuzn72-2MtL9pvd\" target=\"_blank\" rel=\"noreferrer noopener\">Medita\u00e7\u00f5es da Mulher Iluminada com Shanna Marun<\/a><\/p>\n\n\n\n<p><mark style=\"background-color:rgba(0, 0, 0, 0);color:#ffffff\" class=\"has-inline-color\">.<\/mark><\/p>\n\n\n\n<p>| <a href=\"https:\/\/www.youtube.com\/playlist?list=PLjXLCSmO7rtpY7zc26je8NHg7BD1yZhWC\" target=\"_blank\" rel=\"noreferrer noopener\">Medita\u00e7\u00f5es para o Despertar da Bem-Aventuran\u00e7a com Myriam Filippi<\/a><\/p>\n\n\n\n<p><mark style=\"background-color:rgba(0, 0, 0, 0);color:#ffffff\" class=\"has-inline-color\">.<\/mark><\/p>\n\n\n\n<p>| <a href=\"https:\/\/www.youtube.com\/playlist?list=PLjXLCSmO7rtrzj6OHrebOjUU2wMvhrvpU\" target=\"_blank\" rel=\"noreferrer noopener\">Medita\u00e7\u00e3o dos Chakras com Deisi Scunderlick<\/a><\/p>\n\n\n\n<p><mark style=\"background-color:rgba(0, 0, 0, 0);color:#ffffff\" class=\"has-inline-color\">.<\/mark><\/p>\n\n\n\n<p>| <a href=\"https:\/\/www.youtube.com\/watch?v=dovglPF8mEA&amp;list=PLjXLCSmO7rtr2KVImyfyPe41CMSIDiT7N\" target=\"_blank\" rel=\"noreferrer noopener\">Live com Shrurti Dasi<\/a><\/p>\n\n\n\n<p><mark style=\"background-color:rgba(0, 0, 0, 0);color:#ffffff\" class=\"has-inline-color\">.<\/mark><\/p>\n\n\n\n<p><mark style=\"background-color:rgba(0, 0, 0, 0);color:#ffffff\" class=\"has-inline-color\">.<\/mark><\/p>\n\n\n\n<p>| <a href=\"https:\/\/www.youtube.com\/playlist?list=PLjXLCSmO7rtpjbk-1BlVKlbUFBEoLAiVP\" target=\"_blank\" rel=\"noreferrer noopener\"><strong>PLAYLIST COMPLETA MEDITANTES MEMBRO NO YOUTUBE<\/strong><\/a><mark style=\"background-color:rgba(0, 0, 0, 0);color:#ffffff\" class=\"has-inline-color\">.<\/mark><\/p>\n\n\n\n<p><mark style=\"background-color:rgba(0, 0, 0, 0);color:#ffffff\" class=\"has-inline-color\">.<\/mark><\/p>\n\n\n\n<p><mark style=\"background-color:rgba(0, 0, 0, 0);color:#ffffff\" class=\"has-inline-color\">.<\/mark><\/p>\n\n\n\n<p><strong>Inscreva-se e tenha acesso imediato. Acessa o link abaixo!<\/strong><br><a href=\"https:\/\/www.youtube.com\/channel\/UCtco5-fAhLhEUFb2oJafwqw\/join\">https:\/\/www.youtube.com\/channel\/UCtco5-fAhLhEUFb2oJafwqw\/join<\/a><\/p>\n\n\n\n<p><mark style=\"background-color:rgba(0, 0, 0, 0);color:#ffffff\" class=\"has-inline-color\">.<\/mark><\/p>\n\n\n\n<p><mark style=\"background-color:rgba(0, 0, 0, 0);color:#ffffff\" class=\"has-inline-color\">.<\/mark><\/p>\n\n\n\n<p><mark style=\"background-color:rgba(0, 0, 0, 0);color:#ffffff\" class=\"has-inline-color\">.<\/mark><\/p>\n\n\n\n<p><strong>Aproveite, experimente!<\/strong><\/p>\n","protected":false},"excerpt":{"rendered":"<p>\ud83d\ude01 J\u00e1 pensou ter acesso a dezenas de Medita\u00e7\u00f5es para voc\u00ea praticar a qualquer hora do dia? \ud83d\uddb1\ufe0f Chegou o&hellip;<\/p>\n","protected":false},"author":1,"featured_media":0,"parent":0,"menu_order":5,"comment_status":"closed","ping_status":"closed","template":"","meta":{"footnotes":""},"class_list":["post-213","page","type-page","status-publish","hentry"],"_links":{"self":[{"href":"https:\/\/meditantes.com.br\/news\/index.php?rest_route=\/wp\/v2\/pages\/213","targetHints":{"allow":["GET"]}}],"collection":[{"href":"https:\/\/meditantes.com.br\/news\/index.php?rest_route=\/wp\/v2\/pages"}],"about":[{"href":"https:\/\/meditantes.com.br\/news\/index.php?rest_route=\/wp\/v2\/types\/page"}],"author":[{"embeddable":true,"href":"https:\/\/meditantes.com.br\/news\/index.php?rest_route=\/wp\/v2\/users\/1"}],"replies":[{"embeddable":true,"href":"https:\/\/meditantes.com.br\/news\/index.php?rest_route=%2Fwp%2Fv2%2Fcomments&post=213"}],"version-history":[{"count":37,"href":"https:\/\/meditantes.com.br\/news\/index.php?rest_route=\/wp\/v2\/pages\/213\/revisions"}],"predecessor-version":[{"id":2190,"href":"https:\/\/meditantes.com.br\/news\/index.php?rest_route=\/wp\/v2\/pages\/213\/revisions\/2190"}],"wp:attachment":[{"href":"https:\/\/meditantes.com.br\/news\/index.php?rest_route=%2Fwp%2Fv2%2Fmedia&parent=213"}],"curies":[{"name":"wp","href":"https:\/\/api.w.org\/{rel}","templated":true}]}}